(base 5) in base 6?
-443
What is -597 (base 11) in base 4?
-23013
Convert -8a (base 13) to base 16.
-72
Convert -758 (base 10) to base 12.
-532
-b48a (base 14) to base 10
-31090
Convert 10100010000000 (base 2) to base 13.
4947
Convert -486 (base 9) to base 16.
-192
What is 23251 (base 8) in base 3?
111120120
Convert -206151 (base 7) to base 12.
-18839
1000110000100 (base 2) to base 10
4484
-16246 (base 12) to base 11
-21698
-535011 (base 6) to base 13
-16c66
Convert -903 (base 10) to base 9.
-1213
What is 13357 (base 8) in base 9?
8043
Convert 17d (base 14) to base 16.
133
Convert -14392 (base 13) to base 4.
-21101113
What is -1265 (base 15) in base 2?
-111101010000
What is -1859 (base 10) in base 3?
-2112212
What is -3440 (base 5) in base 8?
-757
What is -226 (base 15) in base 13?
-2b5
What is -173 (base 13) in base 15?
-128
-10132201 (base 4) to base 2
-100011110100001
What is -413 (base 5) in base 13?
-84
Convert -21434 (base 7) to base 10.
-5366
10a (base 11) to base 9
155
10443 (base 5) to base 11
620
What is -110011011011100 (base 2) in base 6?
-321524
86a (base 11) to base 6
4500
What is 3522 (base 6) in base 16?
34a
What is -1537 (base 10) in base 11?
-1178
Convert -110111010 (base 2) to base 7.
-1201
What is 23785 (base 9) in base 4?
3321101
What is 21300 (base 5) in base 15?
66a
Convert 28b (base 16) to base 11.
542
Convert 1c6 (base 16) to base 14.
246
What is 10145 (base 6) in base 12?
955
Convert -558 (base 11) to base 10.
-668
Convert 10022000 (base 3) to base 13.
112b
What is 5d (base 15) in base 10?
88
What is 301 (base 15) in base 5?
10201
22020 (base 5) to base 11
1153
What is -19bd (base 15) in base 2?
-1010111001010
What is 8e0 (base 16) in base 5?
33042
Convert 1506 (base 13) to base 2.
101111101000
2426 (base 8) to base 14
690
-51204 (base 6) to base 5
-204042
-1155 (base 10) to base 15
-520
-10222002 (base 3) to base 9
-3862
What is 10001111110 (base 2) in base 16?
47e
What is -89b (base 13) in base 14?
-77a
8c (base 15) to base 11
110
What is 1001 (base 3) in base 7?
40
Convert 105 (base 6) to base 7.
56
11001100001 (base 2) to base 8
3141
Convert 12110123 (base 4) to base 8.
62433
110100000000 (base 2) to base 7
12463
What is -1363 (base 16) in base 13?
-234a
What is 1441 (base 8) in base 2?
1100100001
Convert -3413 (base 10) to base 16.
-d55
Convert -588 (base 12) to base 3.
-1010112
11000320 (base 4) to base 15
6141
What is 10110011 (base 2) in base 14?
cb
What is 173b1 (base 12) in base 4?
20021311
8681 (base 15) to base 11
1a433
-404 (base 8) to base 6
-1112
6b47 (base 12) to base 8
27347
-536 (base 11) to base 8
-1204
Convert 24 (base 15) to base 6.
54
What is -1220211 (base 4) in base 14?
-2621
What is -1d6 (base 15) in base 9?
-523
Convert 3057 (base 12) to base 3.
21012111
-544 (base 7) to base 8
-425
Convert 1010 (base 8) to base 5.
4040
Convert -3242324 (base 5) to base 6.
-1111032
2a08 (base 11) to base 15
123a
Convert 32416 (base 9) to base 14.
7b84
What is -114 (base 6) in base 3?
-1201
-3b2 (base 12) to base 3
-202222
What is -14374 (base 8) in base 10?
-6396
-1001001011 (base 2) to base 12
-40b
-1017 (base 9) to base 3
-1000121
-1666 (base 7) to base 5
-10220
743 (base 8) to base 6
2123
11260 (base 7) to base 3
10221211
What is 4388 (base 12) in base 10?
7448
What is 8463 (base 12) in base 11?
a96a
What is -1cea (base 15) in base 9?
-8564
366 (base 11) to base 9
533
What is 251a (base 11) in base 4?
303120
Convert -34c (base 13) to base 16.
-23b
Convert -9529 (base 11) to base 12.
-7373
-3031 (base 4) to base 7
-412
-56 (base 7) to base 4
-221
-533355 (base 6) to base 8
-125047
Convert 347 (base 9) to base 7.
556
What is 14352 (base 8) in base 15?
1d53
-1351225 (base 6) to base 9
-126268
-72a (base 11) to base 14
-46b
What is 4a2 (base 15) in base 8?
2034
What is -2010100 (base 4) in base 3?
-102121111
What is -102466 (base 7) in base 8?
-42511
Convert 1032 (base 6) to base 14.
12c
-134 (base 13) to base 9
-255
Convert -9d3 (base 14) to base 8.
-3635
What is 1001022 (base 3) in base 6?
3312
Convert -61 (base 8) to base 7.
-100
Convert -41713 (base 8) to base 10.
-17355
Convert 27c (base 16) to base 14.
336
6a6 (base 12) to base 2
1111011110
Convert 1000022 (base 4) to base 14.
16d4
What is 221241 (base 5) in base 4?
1320100
What is c0 (base 16) in base 13?
11a
What is 1419 (base 11) in base 10?
1835
What is 32433 (base 6) in base 10?
4485
-312 (base 9) to base 13
-167
What is 376 (base 10) in base 8?
570
51053 (base 6) to base 16
1a49
What is 11101100100 (base 2) in base 4?
131210
What is 4e3 (base 15) in base 9?
1466
Convert -14d (base 15) to base 16.
-12a
Convert 5039 (base 14) to base 5.
420041
Convert -100010100000 (base 2) to base 8.
-4240
What is 1115543 (base 6) in base 2?
1101111010110111
Convert 1020011 (base 3) to base 2.
1101111111
Convert 660 (base 8) to base 4.
12300
Convert 146 (base 16) to base 13.
1c1
174 (base 10) to base 8
256
-10000111011100001 (base 2) to base 8
-207341
What is -d84 (base 14) in base 11?
-2002
Convert 320 (base 8) to base 9.
251
2010101 (base 3) to base 5
22144
Convert 2ab (base 14) to base 5.
4133
Convert -2429 (base 15) to base 4.
-1320021
Convert 425 (base 7) to base 16.
d7
10016 (base 7) to base 16
96e
What is -2287a (base 12) in base 5?
-2434144
Convert 13343 (base 5) to base 6.
5030
Convert -156 (base 13) to base 9.
-286
5a7 (base 15) to base 3
1202111
What is 3663 (base 9) in base 6?
20350
53d (base 15) to base 4
102133
Convert -70a (base 12) to base 5.
-13033
18438 (base 9) to base 5
402002
11b35 (base 12) to base 3
1020001012
What is 1254 (base 7) in base 3?
122210
What is 221210100 (base 3) in base 6?
223013
Convert -2152 (base 9) to base 16.
-632
-1100101010111001 (base 2) to base 15
-1059c
What is 4311 (base 7) in base 11?
1169
What is 12231 (base 4) in base 2?
110101101
314 (base 16) to base 6
3352
What is 13546 (base 12) in base 11?
19068
-1b8 (base 15) to base 4
-12032
What is -5a (base 16) in base 3?
-10100
Convert 12545 (base 7) to base 16.
d25
What is -210211021 (base 3) in base 6?
-201354
What is 34003 (base 5) in base 10?
2378
Convert 15c4 (base 13) to base 12.
1a2a
What is 22365 (base 7) in base 5?
140212
What is 1215 (base 7) in base 3?
121210
-6932 (base 13) to base 4
-3212120
Convert 1929 (base 12) to base 11.
232a
What is 6250 (base 7) in base 3?
10000011
What is -76da (base 16) in base 11?
-20950
What is -1027 (base 10) in base 7?
-2665
What is -790 (base 10) in base 5?
-11130
153352 (base 6) to base 3
202122012
What is 10100 (base 4) in base 7?
536
What is -662 (base 9) in base 11?
-453
Convert 1204 (base 9) to base 5.
12040
-101 (base 6) to base 15
-27
-111221011 (base 3) to base 6
-115004
What is 2111 (base 5) in base 12?
1b5
Convert -402 (base 12) to base 8.
-1102
788 (base 9) to base 6
2555
What is 131430 (base 5) in base 10?
5240
What is -962 (base 13) in base 2?
-11001000001
What is 213320 (base 4) in base 5?
40202
Convert 9303 (base 12) to base 11.
11014
Convert 3607 (base 10) to base 11.
278a
-11120 (base 11) to base 2
-11111011110011
What is -1878 (base 13) in base 15?
-1133
-34f (base 16) to base 11
-700
12211202 (base 3) to base 6
31415
Convert -29ae (base 16) to base 14.
-3c62
Convert 103814 (base 9) to base 5.
3440042
Convert -3010 (base 4) to base 13.
-121
52200 (base 6) to base 15
2109
-221213 (base 5) to base 12
-4543
-6018 (base 9) to base 5
-120031
Convert -2503 (base 9) to base 4.
-131022
172 (base 12) to base 11
19a
11006 (base 12) to base 16
57c6
What is -32034 (base 7) in base 12?
-46b6
What is 3044 (base 5) in base 10?
399
What is 177 (base 8) in base 12?
a7
Convert 543 (base 11) to base 6.
3004
What is -10210 (base 7) in base 5?
-40011
What is -1e9 (base 15) in base 9?
-543
Convert 303 (base 5) to base 7.
141
Convert 2470 (base 12) to base 3.
12122110
Convert 137 (base 15) to base 2.
100010101
101200 (base 3) to base 16
120
Convert 46a (base 11) to base 15.
275
-78b (base 15) to base 11
-1311
2210 (base 9) to base 10
1629
What is 201000222 (base 3) in base 16?
3635
-22 (base 8) to base 5
-33
What is -13805 (base 9) in base 5?
-300101
Convert -395 (base 11) to base 13.
-29c
What is -3434 (base 5) in base 7?
-1304
Convert 102 (base 4) to base 5.
33
-939 (base 11) to base 9
-1486
Convert -200a (base 11) to base 4.
-